1 - -4))*-1. Let f be (7 + 0/(-2))*(1 - 0). Suppose -13*v + 180 = -f*v. Calculate the greatest common factor of m and v.
10
Suppose -31*p + 1083 = -281. Calculate the greatest common factor of 825 and p.
11
Suppose 233 = 5*y + 4*c, -5*y + 21*c + 242 = 22*c. What is the highest common factor of 10927 and y?
49
Let a(m) = -m**3 - 3*m**2 + m - 6. Let p be a(0). Let x be (-1)/(1/(p + -24)). What is the greatest common factor of 60 and x?
30
Let p = 11 - 5. Let l(m) = -14*m + 12. Let f be l(4). Let a be f/(-3)*((-33)/(-6) + -1). Calculate the highest common factor of p and a.
6
Let q = -797 + 789. Let x(v) = v**3 + 12*v**2 + 30*v + 21. Let l be x(q). Calculate the highest common divisor of 333 and l.
37
Let u be -5 + 1 + -5 + 9. Let h(x) = -11*x - 21. Let t be h(-21). Suppose u*d - t = -5*d. Calculate the greatest common divisor of 12 and d.
6
Let i(x) = -4*x. Let a(z) = 31*z + 21. Let g(y) = a(y) - 4*i(y). Suppose 0 = -0*t - 2*t + 14. Let r be g(t). Calculate the greatest common factor of r and 35.
35
Suppose -5*o + 2*o = 2*a - 916, 1210 = 4*o - 3*a. Calculate the greatest common divisor of 112 and o.
16
Suppose -4*f - 5*z = -2317, -6*z + 2318 = -66*f + 70*f. Calculate the highest common divisor of f and 782.
34
Let q = 2120 + 690. Calculate the highest common factor of q and 4.
2
Let u be ((-288)/120)/(-1 + (-18)/(-20)). Suppose -u = y + 3*y. Let b be 7/(-42) - 37/y. Calculate the greatest common divisor of 6 and b.
6
Suppose 2*h + 382 = 1422. Let a be ((-6)/5)/((-468)/15600). What is the highest common divisor of a and h?
40
Let w = 48 - -12. Suppose 4*m = 4*i + 172, -3*m + i + 123 = -0*m. Let q = m - -110. Calculate the greatest common factor of w and q.
30
Suppose 105*a - 1190511 - 1036153 = 251756. Calculate the greatest common factor of 84 and a.
84
Suppose 2*q - 35 - 235 = 0. Suppose 8*a = q + 97. What is the highest common factor of 261 and a?
29
Let b be (-60)/(-6) + (1 - 4). Suppose 92 = b*c - 1140. Let n(w) = w**2 - 10*w - 34. Let y be n(-4). What is the highest common factor of c and y?
22
Let q(p) = -p**2 - 14*p + 2. Let r be q(-13). Let d = r + -14. Suppose -c = -4*b - 2*c, -5*b - 15 = 5*c. Calculate the highest common factor of b and d.
1
Suppose -18*h + 20*h - 5*x - 260 = 0, 5*h - 4*x - 650 = 0. Let u = -22 + 48. What is the greatest common factor of h and u?
26
Suppose 5*c = 3*b + 96, 0 = -c - 0*b + 4*b + 26. What is the greatest common factor of 174 and c?
6
Suppose 27*l + 493 - 1051 = 1872. What is the highest common divisor of 81 and l?
9
Let z(g) = -17*g - 125. Let r be z(-8). Let i(c) = -4*c + 66. Let h be i(r). What is the highest common factor of 242 and h?
22
Let d = 102 + -81. Let t = d + 3. What is the highest common factor of t and 132?
12
Suppose 2*c - 174 = 3*z, 60 = -4*c - 3*z + 426. What is the greatest common factor of c and 1512?
18
Suppose 5*c + 3*i - 63 = 0, -5*c - 37 = 2*i - 99. Let a(y) = 2*y - 6. Let b = -6 - -15. Let s be a(b). Calculate the greatest common factor of c and s.
12
Suppose -5*b = 7*a - 5*a - 300, -7*b = 0. What is the greatest common factor of 12225 and a?
75
Let d be ((-3)/(-2))/((-1329)/(-132) + -356 + 346). Let f = 22 + -11. What is the greatest common divisor of f and d?
11
Suppose 1 - 6 = -2*g - 5*m, 4*g = 5*m - 5. Suppose -176 = -4*j - g*j. What is the highest common divisor of 572 and j?
44
Let y be (14464/(-24))/(161/(-23) + (-83)/(-12)). Calculate the highest common divisor of 16 and y.
16
Suppose -x - 4 = -2*t, 0*x = -3*x. Suppose 0 = -2*l + t*k + 110, -4*l - 3*k + 181 = -39. What is the highest common divisor of 275 and l?
55
Let c be (-4)/6 - (-3122)/(-42). Let a = c - -123. Suppose 0 = 3*h - h + 10, -2*x + 2*h + 58 = 0. Calculate the highest common factor of x and a.
24
Suppose d = 5*g + 35, -4*d + 2*g + g + 72 = 0. Suppose 5*c - 12375 = -28*c. Calculate the highest common factor of d and c.
15
Suppose 2*o + 12 + 22 = 0. Let n = 25 + o. Calculate the highest common divisor of n and 4.
4
Let s be (12/(-24))/(1/(-4)). Suppose 0*p + 3*p = 3, 4*p = -5*i + 44. Let k be (12 - i) + 468/s. Calculate the highest common divisor of k and 34.
34
Suppose 5 = -5*f, -101*t + 97*t + 5*f + 3609 = 0. Calculate the greatest common factor of 848 and t.
53
Suppose 0 = -3*i - 2*s + 106, i - s + 19 = 56. Suppose -9 + 4 = 5*l. Let f be -3 - -5 - (-2 - l - 9). Calculate the highest common divisor of f and i.
12
Let l be 20/(1 - 5)*391/(-5). Let r = l + -315. Let b = 143 + -29. Calculate the greatest common divisor of r and b.
38
Let i(a) = a**2 - a - 11. Let o be i(-4). Suppose 1064 = 5*x + o*x. What is the greatest common divisor of x and 38?
38
Let n be (6 + -7)/(2/(-10)). Suppose -6*h - 2*y + 265 = -h, -n*y + 25 = 0. Let k = -324 - -327. What is the highest common divisor of k and h?
3
Let k be ((34 + 2)/3)/2. Suppose 5*c - 2*b - 1210 = 0, -215 = -c - k*b + b. Calculate the greatest common factor of c and 48.
48
Let d(h) = -2*h**2 + 17*h - 26. Let a be d(-9). Let u = a + 373. What is the greatest common divisor of 256 and u?
32
Suppose 1939 = 5*m - 2*i, 2*i = 4*m + 7*i - 1538. Suppose w - 1 = 0, -175 = -4*t + 3*w - 6*w. What is the greatest common divisor of m and t?
43
Let j = -4298 - -5426. What is the highest common divisor of 24 and j?
24
Let i(d) = 2*d**3 - 16*d**2 - 9*d - 3. Let l be i(9). Suppose 85*u - 294 = l*u. What is the highest common factor of 12 and u?
6
Let s be (25/20)/(177825/(-13680) + 13). Calculate the greatest common factor of 320 and s.
20
Let b be (1/2)/(26/260). Suppose 2*a - a + b = 0, -3*r + 2*a = -214. Calculate the greatest common divisor of r and 17.
17
Let p(f) = 178*f**2 - 41*f - 354. Let o be p(-13). What is the greatest common divisor of 131 and o?
131
Let u(h) = -88*h - 32. Let s be u(-4). Let f be (16/(-10))/((-16)/s). Suppose -f = 4*y - 8*y. What is the highest common factor of y and 40?
8
Suppose -3*x - 2*l - 50 = 0, 0*x - x = -5*l + 28. Let o = x - -36. What is the highest common divisor of 9 and o?
9
Let f(p) = -5*p**3 + p**2 - 2*p - 3. Let h be f(-1). Suppose 4*q + 555 = 2*v - 79, -1599 = -h*v - 4*q. What is the greatest common divisor of 11 and v?
11
Let r be 0 - (-1 - (3 - -4)). Suppose 0 = 10*j - 12*j + r. Let b(t) = -t**2 + 11*t - 20. Let u be b(8). Calculate the greatest common factor of j and u.
4
Let y(g) = 2*g**2 - 22*g + 22. Let o be y(13). Let b(f) = f**3 + 6*f**2 + 9*f + 2. Let a be b(-3). Calculate the highest common factor of o and a.
2
Let i = 171 + 504. Let o(r) = -r**3 - 10*r**2 - 2*r + 5. Let t be o(-10). Calculate the highest common factor of t and i.
25
Let b(v) = -3*v**3 - 34*v**2 + 55*v + 32. Let i be b(-22). Calculate the greatest common divisor of 540 and i.
270
Let g be ((-6)/(-15) - 0)*-5. Let l = g - 2. Let q(t) = 2*t**2 + 7*t - 3. Let k be q(l). Calculate the greatest common divisor of 7 and k.
1
Let m(p) = -20*p + 36. Let s be m(-5). Let k = s - -4. What is the highest common divisor of k and 56?
28
Let h = 1505 - 1483. Calculate the highest common factor of h and 1331.
11
Let v = 7735 - 7625. Calculate the greatest common factor of 15070 and v.
110
Let m be (-7)/(-7) + -1 + 6. Suppose -3*z + m*z - 5*c - 38 = 0, -4*z - c = -20. What is the highest common factor of 51 and z?
3
Suppose 4*u + 5*t = -17, 2*t - 12 = -u + 4*t. Let y be 12*(-10)/(-3) - (-8)/u. Calculate the greatest common divisor of y and 396.
44
Let o(t) = 7*t - 1. Let n be o(1). Suppose 45 = n*i - i. Calculate the greatest common divisor of 1 and i.
1
Suppose 126*q - 79442 - 56386 = 0. What is the greatest common factor of 42 and q?
14
Suppose 4*l + 0*l - 272 = 484. What is the highest common divisor of 3150 and l?
63
Let j be -514 + 18/3 + 5 + -10. Let a = 530 + j. Calculate the greatest common factor of 289 and a.
17
Suppose 0 = -5*i + 3*c + 35 + 256, 2*i - 2*c - 122 = 0. What is the greatest common factor of i and 8154?
54
Let k = -1403 + 2411. Suppose -25*o + k = 158. What is the highest common divisor of 510 and o?
34
Let d = 0 + 2. Suppose d*u = -3*u + 10. Let f = 15369 - 15351. What is the highest common factor of f and u?
2
Let f(j) = -j**3 + 17*j**2 + 27*j + 14. Let q(h) = -h + 29. Let o be q(13). Let r be f(o). Calculate the greatest common divisor of 18 and r.
18
Let o be 2 - (2 - (10 - -4)). Let s(i) = 40*i - 1549. Let b be s(41). What is the highest commo